{"id":139,"date":"2024-10-10T17:26:27","date_gmt":"2024-10-10T15:26:27","guid":{"rendered":"https:\/\/pascalgaveau.fr\/?page_id=139"},"modified":"2024-10-11T16:39:33","modified_gmt":"2024-10-11T14:39:33","slug":"tapissier-decorateur","status":"publish","type":"page","link":"https:\/\/pascalgaveau.fr\/?page_id=139","title":{"rendered":"TAPISSIER, D\u00c9CORATEUR"},"content":{"rendered":"\n<div class=\"wp-block-media-text is-stacked-on-mobile\"><figure class=\"wp-block-media-text__media\"><img loading=\"lazy\" decoding=\"async\" width=\"1024\" height=\"683\" src=\"https:\/\/pascalgaveau.fr\/wp-content\/uploads\/2024\/10\/scenery-designers-work-1024x683.jpg\" alt=\"\" class=\"wp-image-122 size-full\" srcset=\"https:\/\/pascalgaveau.fr\/wp-content\/uploads\/2024\/10\/scenery-designers-work-1024x683.jpg 1024w, https:\/\/pascalgaveau.fr\/wp-content\/uploads\/2024\/10\/scenery-designers-work-300x200.jpg 300w, https:\/\/pascalgaveau.fr\/wp-content\/uploads\/2024\/10\/scenery-designers-work-768x512.jpg 768w, https:\/\/pascalgaveau.fr\/wp-content\/uploads\/2024\/10\/scenery-designers-work-1536x1024.jpg 1536w, https:\/\/pascalgaveau.fr\/wp-content\/uploads\/2024\/10\/scenery-designers-work-2048x1365.jpg 2048w\" sizes=\"auto, (max-width: 1024px) 100vw, 1024px\" \/><\/figure><div class=\"wp-block-media-text__content\">\n<p>Si vous souhaitez personnaliser votre int\u00e9rieur avec la cr\u00e9ation de rideaux, teintures murales ou coussins, confiez nous votre projet sur mesure.\u00a0<\/p>\n<\/div><\/div>\n\n\n\n<p>Notre savoir-faire nous permet \u00e9galement de r\u00e9nover vos fauteuils, assises ou d\u00e9caper vos meubles anciens pour un nouveau style.&nbsp;<\/p>\n\n\n\n<div style=\"height:20px\" aria-hidden=\"true\" class=\"wp-block-spacer\"><\/div>\n\n\n\n<h5 class=\"wp-block-heading\"><strong>RETOURS DE TRAVAUX<\/strong><\/h5>\n\n\n\n<figure class=\"wp-block-gallery has-nested-images columns-default is-cropped wp-block-gallery-1 is-layout-flex wp-block-gallery-is-layout-flex\">\n<figure class=\"wp-block-image size-large\"><img loading=\"lazy\" decoding=\"async\" width=\"1024\" height=\"682\" data-id=\"241\" src=\"https:\/\/pascalgaveau.fr\/wp-content\/uploads\/2024\/10\/IMG_9732-1-1024x682.jpg\" alt=\"\" class=\"wp-image-241\" srcset=\"https:\/\/pascalgaveau.fr\/wp-content\/uploads\/2024\/10\/IMG_9732-1-1024x682.jpg 1024w, https:\/\/pascalgaveau.fr\/wp-content\/uploads\/2024\/10\/IMG_9732-1-300x200.jpg 300w, https:\/\/pascalgaveau.fr\/wp-content\/uploads\/2024\/10\/IMG_9732-1-768x512.jpg 768w, https:\/\/pascalgaveau.fr\/wp-content\/uploads\/2024\/10\/IMG_9732-1-1536x1023.jpg 1536w, https:\/\/pascalgaveau.fr\/wp-content\/uploads\/2024\/10\/IMG_9732-1.jpg 1600w\" sizes=\"auto, (max-width: 1024px) 100vw, 1024px\" \/><\/figure>\n\n\n\n<figure class=\"wp-block-image size-large\"><img loading=\"lazy\" decoding=\"async\" width=\"1024\" height=\"682\" data-id=\"240\" src=\"https:\/\/pascalgaveau.fr\/wp-content\/uploads\/2024\/10\/IMG_9731-1-1024x682.jpg\" alt=\"\" class=\"wp-image-240\" srcset=\"https:\/\/pascalgaveau.fr\/wp-content\/uploads\/2024\/10\/IMG_9731-1-1024x682.jpg 1024w, https:\/\/pascalgaveau.fr\/wp-content\/uploads\/2024\/10\/IMG_9731-1-300x200.jpg 300w, https:\/\/pascalgaveau.fr\/wp-content\/uploads\/2024\/10\/IMG_9731-1-768x512.jpg 768w, https:\/\/pascalgaveau.fr\/wp-content\/uploads\/2024\/10\/IMG_9731-1-1536x1023.jpg 1536w, https:\/\/pascalgaveau.fr\/wp-content\/uploads\/2024\/10\/IMG_9731-1.jpg 1600w\" sizes=\"auto, (max-width: 1024px) 100vw, 1024px\" \/><\/figure>\n<\/figure>\n","protected":false},"excerpt":{"rendered":"<p>Si vous souhaitez personnaliser votre int\u00e9rieur avec la cr\u00e9ation de rideaux, teintures murales ou coussins, confiez nous votre projet sur mesure.\u00a0 Notre savoir-faire nous permet \u00e9galement de r\u00e9nover vos fauteuils, assises ou d\u00e9caper vos meubles anciens pour un nouveau style.&nbsp; RETOURS DE TRAVAUX<\/p>\n","protected":false},"author":2,"featured_media":122,"parent":0,"menu_order":0,"comment_status":"closed","ping_status":"closed","template":"","meta":{"_themeisle_gutenberg_block_has_review":false,"footnotes":""},"class_list":["post-139","page","type-page","status-publish","has-post-thumbnail","hentry"],"_links":{"self":[{"href":"https:\/\/pascalgaveau.fr\/index.php?rest_route=\/wp\/v2\/pages\/139","targetHints":{"allow":["GET"]}}],"collection":[{"href":"https:\/\/pascalgaveau.fr\/index.php?rest_route=\/wp\/v2\/pages"}],"about":[{"href":"https:\/\/pascalgaveau.fr\/index.php?rest_route=\/wp\/v2\/types\/page"}],"author":[{"embeddable":true,"href":"https:\/\/pascalgaveau.fr\/index.php?rest_route=\/wp\/v2\/users\/2"}],"replies":[{"embeddable":true,"href":"https:\/\/pascalgaveau.fr\/index.php?rest_route=%2Fwp%2Fv2%2Fcomments&post=139"}],"version-history":[{"count":4,"href":"https:\/\/pascalgaveau.fr\/index.php?rest_route=\/wp\/v2\/pages\/139\/revisions"}],"predecessor-version":[{"id":242,"href":"https:\/\/pascalgaveau.fr\/index.php?rest_route=\/wp\/v2\/pages\/139\/revisions\/242"}],"wp:featuredmedia":[{"embeddable":true,"href":"https:\/\/pascalgaveau.fr\/index.php?rest_route=\/wp\/v2\/media\/122"}],"wp:attachment":[{"href":"https:\/\/pascalgaveau.fr\/index.php?rest_route=%2Fwp%2Fv2%2Fmedia&parent=139"}],"curies":[{"name":"wp","href":"https:\/\/api.w.org\/{rel}","templated":true}]}}